{"id":87,"date":"2020-05-07T00:29:28","date_gmt":"2020-05-07T00:29:28","guid":{"rendered":"http:\/\/globalmundi.com.br\/?page_id=87"},"modified":"2020-05-12T16:19:00","modified_gmt":"2020-05-12T16:19:00","slug":"grupos","status":"publish","type":"page","link":"https:\/\/globalmundi.com.br\/index.php\/grupos\/","title":{"rendered":"Grupos"},"content":{"rendered":"\n<p>A Global Mundi atende desde pequenos grupos at\u00e9 grupos com imenso n\u00famero de passageiros, nos diferentes segmentos tur\u00edsticos.<\/p>\n\n\n\n<p>Lazer<\/p>\n\n\n\n<p>A Global Mundi oferece ao segmento lazer diversas op\u00e7\u00f5es \u00e0s quais nossos clientes podem entregar-se de livre vontade, seja para repouso, divers\u00e3o, recrea\u00e7\u00e3o ou entretenimento em nossos hot\u00e9is, resorts ou pousadas em todo Brasil. Temos op\u00e7\u00f5es de hospedagens para todos os gostos, como praias, ilhas e montanhas, bem como servi\u00e7os personalizados em todas as regi\u00f5es do Brasil.<\/p>\n\n\n\n<p> <\/p>\n\n\n\n<p>Cultural<\/p>\n\n\n\n<p>A Global Mundi busca aos clientes experi\u00eancias inovadoras e aut\u00eanticas na rica hist\u00f3ria cultural brasileira, onde os turistas podem vivenciar cen\u00e1rios diferenciados que lhes proporcionam aprendizado, contempla\u00e7\u00e3o e lazer. A diversidade cultural brasileira, a exist\u00eancia de um patrim\u00f4nio hist\u00f3rico e cultural de grande destaque, incluindo v\u00e1rios que s\u00e3o considerados Patrim\u00f4nio da Humanidade, a reconhecida e criativa produ\u00e7\u00e3o cultural refletida na m\u00fasica, nas artes, na gastronomia e incont\u00e1veis outros bens evidenciam a voca\u00e7\u00e3o do Turismo Cultural brasileiro.<\/p>\n\n\n\n<p> <\/p>\n\n\n\n<p>Religioso<\/p>\n\n\n\n<p>O Turismo Religioso no Brasil \u00e9 muito ampliado a diversas religi\u00f5es, onde como o mais forte deste segmento prevalece o catolicismo. Existem atrativos que mobilizam milhares de pessoas atrav\u00e9s de outras religi\u00f5es, como a festa de Iemanj\u00e1 que acontece em diversas partes do Brasil atraindo milhares de turistas religiosos do mundo inteiro, visitas aos terreiros de Candombl\u00e9, Umbanda e cultos evang\u00e9licos. A Global Mundi leva passageiros a diversos eventos religiosos, prociss\u00f5es, encena\u00e7\u00f5es, devo\u00e7\u00f5es populares, festas de padroeiros, encontros religiosos, locais de grande valor espiritual, templos e igrejas tombados pelo patrim\u00f4nio hist\u00f3rico cultural e cidades hist\u00f3ricas.<\/p>\n\n\n\n<p> <\/p>\n\n\n\n<p>Neg\u00f3cios e Eventos<\/p>\n\n\n\n<p>Neste segmento, a Global Mundi tem como foco os interesses profissionais do cliente, incluindo atividades como visitas t\u00e9cnicas, reuni\u00f5es, exposi\u00e7\u00f5es comerciais, congressos, conven\u00e7\u00f5es, simp\u00f3sios, mostras e feiras em todo Brasil. Oferecemos todo apoio para qualquer necessidade do cliente, seja para hospedagem, sal\u00f5es de conven\u00e7\u00f5es e outros espa\u00e7os espec\u00edficos para tal, assim como transportes de luxo e blindados para atender clientes VIP com tais exig\u00eancias.<\/p>\n\n\n\n<p> <\/p>\n\n\n\n<p>Incentivo<\/p>\n\n\n\n<p>A Global Mundi possui mais de 20 anos de experi\u00eancia em eventos de incentivo com estrat\u00e9gias que transformam rela\u00e7\u00f5es com eficientes ferramentas motivacionais. Procuramos desenvolver programas criativos e personalizados de forma a premiar e reconhecer e o talento do cliente, proporcionando experi\u00eancias \u00fanicas.<\/p>\n\n\n\n<p> <\/p>\n\n\n\n<p>Ecol\u00f3gico e Aventura<\/p>\n\n\n\n<p>Oferecemos o encontro do cliente com a natureza de forma mais direta, trabalhando sempre com as melhores pr\u00e1ticas ecol\u00f3gicas e com apoio de equipe especializada e treinada em todo Brasil. A Global Mundi oferece diversas modalidades de atividades, tais como: Rapel, Trilhas, Rafting, Arvorismo, Jeep Tour, Bike Tours, dentre outras.<\/p>\n\n\n\n<p> <\/p>\n\n\n\n<p>Fa\u00e7a contato conosco e verifique os nossos melhores roteiros!<\/p>\n","protected":false},"excerpt":{"rendered":"<p>A Global Mundi atende desde pequenos grupos at\u00e9 grupos com imenso n\u00famero de passageiros, nos diferentes segmentos tur\u00edsticos. Lazer A Global Mundi oferece ao segmento lazer diversas op\u00e7\u00f5es \u00e0s quais nossos clientes podem entregar-se de livre vontade, seja para repouso, divers\u00e3o, recrea\u00e7\u00e3o ou entretenimento em nossos hot\u00e9is, resorts ou pousadas&hellip;<\/p>\n","protected":false},"author":1,"featured_media":177,"parent":0,"menu_order":0,"comment_status":"closed","ping_status":"closed","template":"","meta":{"footnotes":""},"class_list":["post-87","page","type-page","status-publish","has-post-thumbnail","hentry"],"_links":{"self":[{"href":"https:\/\/globalmundi.com.br\/index.php\/wp-json\/wp\/v2\/pages\/87","targetHints":{"allow":["GET"]}}],"collection":[{"href":"https:\/\/globalmundi.com.br\/index.php\/wp-json\/wp\/v2\/pages"}],"about":[{"href":"https:\/\/globalmundi.com.br\/index.php\/wp-json\/wp\/v2\/types\/page"}],"author":[{"embeddable":true,"href":"https:\/\/globalmundi.com.br\/index.php\/wp-json\/wp\/v2\/users\/1"}],"replies":[{"embeddable":true,"href":"https:\/\/globalmundi.com.br\/index.php\/wp-json\/wp\/v2\/comments?post=87"}],"version-history":[{"count":2,"href":"https:\/\/globalmundi.com.br\/index.php\/wp-json\/wp\/v2\/pages\/87\/revisions"}],"predecessor-version":[{"id":176,"href":"https:\/\/globalmundi.com.br\/index.php\/wp-json\/wp\/v2\/pages\/87\/revisions\/176"}],"wp:featuredmedia":[{"embeddable":true,"href":"https:\/\/globalmundi.com.br\/index.php\/wp-json\/wp\/v2\/media\/177"}],"wp:attachment":[{"href":"https:\/\/globalmundi.com.br\/index.php\/wp-json\/wp\/v2\/media?parent=87"}],"curies":[{"name":"wp","href":"https:\/\/api.w.org\/{rel}","templated":true}]}}