{"id":81,"date":"2020-05-07T00:29:28","date_gmt":"2020-05-07T00:29:28","guid":{"rendered":"http:\/\/globalmundi.com.br\/?page_id=81"},"modified":"2020-05-12T17:15:26","modified_gmt":"2020-05-12T17:15:26","slug":"aluguel-de-veiculos","status":"publish","type":"page","link":"https:\/\/globalmundi.com.br\/index.php\/aluguel-de-veiculos\/","title":{"rendered":"Aluguel de Ve\u00edculos"},"content":{"rendered":"\n<p>A Global Mundi realiza reserva de autom\u00f3veis com locadoras de ve\u00edculo em todo territ\u00f3rio nacional, como Avis, Hertz, Movida, Unidas, Localiza, Budget, Sixt e Thrift. Carros com ou sem ar condicionado, dire\u00e7\u00e3o hidr\u00e1ulica, air bag, c\u00e2mbio manual ou autom\u00e1tico, tra\u00e7\u00e3o nas quatro rodas, com retirada na loja ou entrega no hotel, s\u00e3o algumas das op\u00e7\u00f5es que oferecemos para atender os pedidos de aluguel de ve\u00edculos no Brasil.<\/p>\n\n\n\n<p>Consulte-nos para verificar as melhores condi\u00e7\u00f5es dispon\u00edveis.<\/p>\n","protected":false},"excerpt":{"rendered":"<p>A Global Mundi realiza reserva de autom\u00f3veis com locadoras de ve\u00edculo em todo territ\u00f3rio nacional, como Avis, Hertz, Movida, Unidas, Localiza, Budget, Sixt e Thrift. Carros com ou sem ar condicionado, dire\u00e7\u00e3o hidr\u00e1ulica, air bag, c\u00e2mbio manual ou autom\u00e1tico, tra\u00e7\u00e3o nas quatro rodas, com retirada na loja ou entrega no&hellip;<\/p>\n","protected":false},"author":1,"featured_media":182,"parent":0,"menu_order":0,"comment_status":"closed","ping_status":"closed","template":"","meta":{"footnotes":""},"class_list":["post-81","page","type-page","status-publish","has-post-thumbnail","hentry"],"_links":{"self":[{"href":"https:\/\/globalmundi.com.br\/index.php\/wp-json\/wp\/v2\/pages\/81","targetHints":{"allow":["GET"]}}],"collection":[{"href":"https:\/\/globalmundi.com.br\/index.php\/wp-json\/wp\/v2\/pages"}],"about":[{"href":"https:\/\/globalmundi.com.br\/index.php\/wp-json\/wp\/v2\/types\/page"}],"author":[{"embeddable":true,"href":"https:\/\/globalmundi.com.br\/index.php\/wp-json\/wp\/v2\/users\/1"}],"replies":[{"embeddable":true,"href":"https:\/\/globalmundi.com.br\/index.php\/wp-json\/wp\/v2\/comments?post=81"}],"version-history":[{"count":3,"href":"https:\/\/globalmundi.com.br\/index.php\/wp-json\/wp\/v2\/pages\/81\/revisions"}],"predecessor-version":[{"id":173,"href":"https:\/\/globalmundi.com.br\/index.php\/wp-json\/wp\/v2\/pages\/81\/revisions\/173"}],"wp:featuredmedia":[{"embeddable":true,"href":"https:\/\/globalmundi.com.br\/index.php\/wp-json\/wp\/v2\/media\/182"}],"wp:attachment":[{"href":"https:\/\/globalmundi.com.br\/index.php\/wp-json\/wp\/v2\/media?parent=81"}],"curies":[{"name":"wp","href":"https:\/\/api.w.org\/{rel}","templated":true}]}}