{"id":80,"date":"2020-05-07T00:29:28","date_gmt":"2020-05-07T00:29:28","guid":{"rendered":"http:\/\/globalmundi.com.br\/?page_id=80"},"modified":"2020-05-12T15:53:33","modified_gmt":"2020-05-12T15:53:33","slug":"passagens-aereas","status":"publish","type":"page","link":"https:\/\/globalmundi.com.br\/index.php\/passagens-aereas\/","title":{"rendered":"Passagens A\u00e9reas"},"content":{"rendered":"\n<p>Emitimos passagens a\u00e9reas de classe econ\u00f4mica, executiva e de primeira classe, tanto dom\u00e9sticas quanto internacionais, com os menores custos atrav\u00e9s de pesquisas com todas as cias a\u00e9reas afim de encontrar o segmento mais econ\u00f4mico e conveniente para a necessidade dos nossos clientes. Ao emitir passagens a\u00e9reas com a Global Mundi garantimos melhor assist\u00eancia, atrav\u00e9s do acompanhamento do bilhete, marca\u00e7\u00e3o de assentos, altera\u00e7\u00f5es volunt\u00e1rias e involunt\u00e1rias, cancelamentos, reemiss\u00f5es e demais tr\u00e2mites burocr\u00e1ticos.<\/p>\n\n\n\n<p>Fa\u00e7a sua consulta agora mesmo e obtenha o or\u00e7amento mais adequado a cada tipo de viagem!\u200b<\/p>\n","protected":false},"excerpt":{"rendered":"<p>Emitimos passagens a\u00e9reas de classe econ\u00f4mica, executiva e de primeira classe, tanto dom\u00e9sticas quanto internacionais, com os menores custos atrav\u00e9s de pesquisas com todas as cias a\u00e9reas afim de encontrar o segmento mais econ\u00f4mico e conveniente para a necessidade dos nossos clientes. Ao emitir passagens a\u00e9reas com a Global Mundi&hellip;<\/p>\n","protected":false},"author":1,"featured_media":167,"parent":0,"menu_order":0,"comment_status":"closed","ping_status":"closed","template":"","meta":{"footnotes":""},"class_list":["post-80","page","type-page","status-publish","has-post-thumbnail","hentry"],"_links":{"self":[{"href":"https:\/\/globalmundi.com.br\/index.php\/wp-json\/wp\/v2\/pages\/80","targetHints":{"allow":["GET"]}}],"collection":[{"href":"https:\/\/globalmundi.com.br\/index.php\/wp-json\/wp\/v2\/pages"}],"about":[{"href":"https:\/\/globalmundi.com.br\/index.php\/wp-json\/wp\/v2\/types\/page"}],"author":[{"embeddable":true,"href":"https:\/\/globalmundi.com.br\/index.php\/wp-json\/wp\/v2\/users\/1"}],"replies":[{"embeddable":true,"href":"https:\/\/globalmundi.com.br\/index.php\/wp-json\/wp\/v2\/comments?post=80"}],"version-history":[{"count":3,"href":"https:\/\/globalmundi.com.br\/index.php\/wp-json\/wp\/v2\/pages\/80\/revisions"}],"predecessor-version":[{"id":168,"href":"https:\/\/globalmundi.com.br\/index.php\/wp-json\/wp\/v2\/pages\/80\/revisions\/168"}],"wp:featuredmedia":[{"embeddable":true,"href":"https:\/\/globalmundi.com.br\/index.php\/wp-json\/wp\/v2\/media\/167"}],"wp:attachment":[{"href":"https:\/\/globalmundi.com.br\/index.php\/wp-json\/wp\/v2\/media?parent=80"}],"curies":[{"name":"wp","href":"https:\/\/api.w.org\/{rel}","templated":true}]}}